is the highest common divisor of 38433 and 69?
69
Calculate the greatest common divisor of 24 and 420.
12
What is the greatest common factor of 29 and 1943?
29
Calculate the greatest common divisor of 207 and 81.
9
Calculate the greatest common divisor of 8 and 8328.
8
What is the highest common divisor of 60 and 1220?
20
What is the highest common divisor of 2 and 730?
2
Calculate the highest common divisor of 1338 and 2.
2
Calculate the greatest common factor of 147 and 3.
3
Calculate the greatest common divisor of 6410 and 10.
10
Calculate the greatest common factor of 527 and 1209.
31
Calculate the highest common divisor of 262 and 19126.
262
Calculate the highest common factor of 23 and 575.
23
Calculate the greatest common divisor of 30912 and 92.
92
Calculate the greatest common divisor of 20 and 26.
2
Calculate the greatest common factor of 4776 and 72.
24
What is the greatest common divisor of 5 and 5?
5
Calculate the highest common divisor of 36 and 1500.
12
What is the highest common factor of 384 and 896?
128
What is the highest common factor of 210 and 399?
21
What is the greatest common factor of 81 and 513?
27
What is the greatest common divisor of 32 and 40?
8
Calculate the greatest common factor of 90 and 738.
18
Calculate the highest common factor of 228 and 60.
12
Calculate the greatest common factor of 195 and 60.
15
Calculate the greatest common factor of 9 and 171.
9
What is the highest common divisor of 348 and 93?
3
What is the highest common factor of 84 and 196?
28
What is the highest common factor of 20 and 260?
20
Calculate the highest common factor of 6165 and 45.
45
Calculate the highest common factor of 24 and 1128.
24
Calculate the greatest common factor of 44 and 319.
11
Calculate the greatest common divisor of 34 and 561.
17
Calculate the greatest common divisor of 9 and 321.
3
Calculate the greatest common divisor of 249 and 9.
3
What is the greatest common divisor of 133 and 4351?
19
What is the highest common factor of 22 and 561?
11
Calculate the highest common divisor of 56 and 4984.
56
Calculate the highest common divisor of 66 and 2598.
6
Calculate the highest common divisor of 450 and 162.
18
What is the greatest common factor of 96 and 344?
8
What is the highest common factor of 1815 and 165?
165
What is the greatest common divisor of 444 and 600?
12
What is the highest common divisor of 12 and 2172?
12
What is the highest common factor of 755 and 35?
5
Calculate the greatest common divisor of 63 and 1680.
21
Calculate the highest common divisor of 36 and 4404.
12
Calculate the highest common divisor of 6 and 1734.
6
Calculate the greatest common divisor of 1408 and 66.
22
What is the highest common factor of 12040 and 16?
8
Calculate the highest common factor of 55 and 1166.
11
Calculate the greatest common factor of 45 and 18.
9
What is the greatest common divisor of 2882 and 22?
22
Calculate the greatest common divisor of 459 and 612.
153
What is the greatest common factor of 799 and 306?
17
What is the highest common divisor of 6498 and 6?
6
What is the highest common divisor of 9259 and 188?
47
What is the highest common factor of 64 and 1256?
8
Calculate the highest common factor of 57 and 285.
57
What is the highest common divisor of 1479 and 87?
87
Calculate the highest common divisor of 217 and 341.
31
Calculate the greatest common factor of 8 and 21512.
8
What is the greatest common divisor of 48 and 60?
12
What is the greatest common factor of 20 and 730?
10
What is the highest common divisor of 295 and 2419?
59
Calculate the highest common divisor of 44 and 110.
22
What is the highest common factor of 3844 and 31?
31
Calculate the greatest common divisor of 26 and 1664.
26
Calculate the highest common divisor of 2961 and 63.
63
What is the highest common factor of 350 and 42?
14
What is the greatest common factor of 34 and 408?
34
What is the highest common factor of 47 and 5452?
47
Calculate the highest common factor of 26 and 1.
1
What is the greatest common divisor of 486 and 27?
27
Calculate the greatest common factor of 112 and 1372.
28
Calculate the greatest common divisor of 5 and 37.
1
What is the highest common divisor of 6 and 3591?
3
Calculate the greatest common factor of 121 and 11.
11
Calculate the highest common divisor of 112 and 3332.
28
What is the greatest common divisor of 65 and 26?
13
Calculate the highest common factor of 92 and 2576.
92
What is the greatest common divisor of 84 and 1540?
28
What is the highest common factor of 3638 and 68?
34
What is the greatest common divisor of 4 and 11964?
4
Calculate the greatest common factor of 2610 and 638.
58
What is the highest common factor of 167 and 1?
1
What is the greatest common divisor of 9047 and 109?
109
Calculate the greatest common divisor of 25376 and 13.
13
What is the greatest common divisor of 36 and 2718?
18
Calculate the greatest common divisor of 135 and 735.
15
Calculate the highest common factor of 17688 and 48.
24
Calculate the highest common divisor of 202 and 74.
2
What is the greatest common divisor of 6726 and 114?
114
Calculate the greatest common factor of 8 and 788.
4
Calculate the greatest common divisor of 7008 and 1533.
219
What is the highest common divisor of 148 and 814?
74
What is the highest common factor of 1261 and 485?
97
What is the greatest common factor of 66 and 627?
33
What is the highest common factor of 1452 and 48?
12
Calculate the greatest common factor of 2400 and 1425.
75
Calculate the greatest common divisor of 2964 and 52.
52
Calculate the highest common factor of 1012 and 943.
23
Calculate the greatest common factor of 117 and 13.
13
Calculate the greatest common divisor of 945 and 15309.
189
Calculate the greatest common factor of 992 and 20.
4
What is the greatest common factor of 17004 and 156?
156
What is the highest common factor of 17441 and 163?
163
What is the highest common factor of 26 and 2054?
26
Calculate the greatest common divisor of 8 and 1384.
8
What is the greatest common factor of 6140 and 110?
10
Calculate the greatest common divisor of 560 and 240.
80
What is the greatest common factor of 451 and 693?
11
What is the greatest common factor of 1395 and 225?
45
What is the greatest common divisor of 165 and 45?
15
What is the greatest common factor of 39800 and 80?
40
Calculate the greatest common divisor of 442 and 34.
34
What is the greatest common divisor of 132 and 108?
12
What is the greatest common divisor of 74 and 26?
2
Calculate the highest common factor of 55 and 25.
5
Calculate the highest common divisor of 2555 and 146.
73
Calculate the greatest common divisor of 1586 and 78.
26
What is the highest common divisor of 140 and 175?
35
Calculate the greatest common divisor of 10 and 10.
10
Calculate the highest common factor of 33 and 16269.
33
Calculate the greatest common divisor of 1922 and 62.
62
What is the highest common factor of 5070 and 90?
30
Calculate the greatest common factor of 364 and 5642.
182
Calculate the greatest common divisor of 4268 and 242.
22
Calculate the highest common divisor of 217 and 31.
31
Calculate the greatest common factor of 162 and 53298.
162
What is the greatest common divisor of 725 and 25?
25
Calculate the greatest common divisor of 500 and 1060.
20
What is the greatest common factor of 7 and 1610?
7
Calculate the highest common factor of 441 and 539.
49
What is the highest common divisor of 7044 and 24?
12
Calculate the highest common divisor of 24 and 91128.
24
Calculate the greatest common divisor of 15 and 960.
15
Calculate the highest common factor of 405 and 245.
5
What is the greatest common factor of 10767 and 74?
37
What is the highest common divisor of 1232 and 44?
44
What is the greatest common divisor of 3 and 69?
3
Calculate the highest common divisor of 3684 and 12.
12
Calculate the greatest common factor of 155 and 7130.
155
What is the greatest common factor of 429 and 66?
33
What is the highest common factor of 136 and 153?
17
What is the highest common factor of 24 and 752?
8
Calculate the greatest common divisor of 816 and 306.
102
What is the greatest common divisor of 6 and 1689?
3
What is the greatest common divisor of 968 and 8?
8
What is the highest common factor of 276 and 24?
